
Let m(f) = -2*f - 10. Let x be 1/((6/3)/(-14)). Let d be m(x). What is the greatest common divisor of d and 4?
4
Let g = 1 + 5. Suppose 4*p + p - 1135 = -5*x, -x + 677 = 3*p. Let b be (2/(-5))/((-5)/p). What is the greatest common divisor of g and b?
6
Let d be ((-8)/6)/((-18)/135). What is the greatest common divisor of d and 10?
10
Let r be (-1)/(1*(-2)/18). Suppose 14*g = 13*g + 33. Let x be 22/g*(-162)/(-4). Calculate the greatest common divisor of x and r.
9
Suppose -4*c = d - 2*c + 5, -5*d - c = 16. Let n = d - -5. Let r be (3 + 1)/(n/11). What is the greatest common divisor of r and 33?
11
Suppose 14*x - 620 + 186 = 0. What is the greatest common factor of x and 248?
31
Suppose -3*v + v + 3*z = 2, -4*v = -4*z - 4. Let j be -1*1/((-1)/5). Calculate the highest common factor of j and v.
5
Let h = 33 - 4. Suppose -u + h - 5 = 0. What is the greatest common divisor of 60 and u?
12
Let d(k) = 15*k**3 - k**2 + k - 1. Let o be d(1). Suppose 401*s + 140 = 405*s. What is the highest common factor of o and s?
7
Let u be -2*((-13)/2 + 2). Let s = -55 + 82. Calculate the highest common factor of s and u.
9
Let m = -11 + 13. Suppose -2*u = -2*i - 40, 55 = 2*u - i + m*i. What is the highest common factor of 10 and u?
5
Let a(p) = 2*p + 4. Let u be a(7). Suppose 4*d = -5*s + 25, -3*s - 5*d = -46 + u. Let k = -17 - -18. What is the highest common divisor of s and k?
1
Let i(c) = -4*c**3 - 2*c**2 - 3*c. Let s be i(-2). Calculate the highest common factor of s and 15.
15
Suppose 13 = -3*w + 4. Let d be ((-160)/6)/(1/w). Suppose 4*h - d = 52. Calculate the highest common divisor of 11 and h.
11
Let c be (16/12)/((-4)/(-6)). Let g(t) = -t**3 + c*t**2 + 2*t**3 - t**2 + 2. Let s be g(2). What is the greatest common divisor of 2 and s?
2
Let d(b) = b**2 + 8*b - 8. Let z(l) = l**2 + 12*l + 10. Let q be z(-10). Let k be d(q). Calculate the highest common divisor of k and 24.
12
Suppose 4*p + 2*b - 260 = 0, -51 = -4*p + 3*p + 3*b. Suppose -d - m + 2*m = -13, -4*d - 3*m + 24 = 0. Calculate the greatest common factor of d and p.
9
Let m be 4/3 + 2/3. Let a(o) = 8*o - 2. Let s be a(m). Calculate the greatest common divisor of s and 112.
14
Suppose -2*f - 3*x = -2*x - 13, -4*f - 4*x = -36. Let a(w) = -f - 5 + 4 - 2*w. Let r be a(-8). What is the greatest common factor of r and 33?
11
Suppose -2 = y - 14. Suppose 201 = -3*d + 6*d. Suppose p + 5*r - y = 11, r - d = -5*p. What is the greatest common factor of 39 and p?
13
Let c(q) = -q**3 - 6*q**2 + 5*q - 9. Let n be c(-7). Suppose n*l + 11 = -9, -284 = -2*i + 3*l. Calculate the highest common divisor of 17 and i.
17
Let y be 3/2 + (-5)/(-10). Suppose y - 32 = -3*g. Let z be (0 + 30)/(6/4). Calculate the greatest common factor of z and g.
10
Let h be 84/10*60/9. Let s(f) = -f - 2. Let a be s(-5). Suppose -p = r - h, a*p = r + p - 53. What is the highest common factor of r and 11?
11
Let b(s) = s**2 + 3*s + 33. Let u be b(0). Let n = -27 - -38. Calculate the highest common factor of u and n.
11
Let c = -40 - -59. What is the highest common factor of 19 and c?
19
Let f(c) = c**3 + 9*c**2 - 10*c + 3. Let z be f(-9). Suppose -7*y + 3*y - 3*k = -z, 3*y - 5*k = 48. Calculate the highest common divisor of 14 and y.
7
Let p(w) = -w**2 + 5*w - 1. Let d be p(3). Let o(k) = -k**3 - 11*k**2 + 8*k - 13. Let j be o(-12). Calculate the highest common divisor of j and d.
5
Let l = -69 + 43. Let j = -13 - l. Suppose i + 2*i = 273. Calculate the highest common factor of j and i.
13
Suppose -4*y = 5*t + 54, 25 = -4*t + 2*t - 5*y. Let w be 18/(-45) + (-774)/t. Calculate the greatest common divisor of 7 and w.
7
Let t = 34 - 18. Calculate the highest common factor of t and 128.
16
Suppose 0 = p - 0*p - 232. Calculate the greatest common divisor of 29 and p.
29
Let a = 23 - -1. Let d(s) = 5*s**2 + 3*s + 4. Let v be d(-3). Let z = v + -4. Calculate the greatest common divisor of a and z.
12
Suppose 0 = 4*s - 16, 0*w - 5*s = -3*w + 373. Let l be (1 - w)*(-8)/10. Suppose -4*t + 8 = -l. What is the highest common factor of t and 7?
7
Let d be 1/2 + (-885)/(-6). Suppose d = -4*y + 388. Calculate the highest common divisor of y and 24.
12
Suppose -4*s = -73 - 43. What is the highest common factor of 261 and s?
29
Let p(o) = o**2 - 4*o + 5. Let b be p(4). Suppose -5*x = 2*i - 169, 2*i - 134 = -4*x - 0*i. Calculate the greatest common factor of b and x.
5
Suppose 0 = -w - 3*w - 16, -4*k + 896 = 4*w. Let z = 325 - k. Let r be 0 + -2 + z + -5. Calculate the highest common factor of 10 and r.
10
Let h be (-1)/(-2)*(4 - -12). What is the highest common divisor of h and 8?
8
Let a be 2/11 + 4454/187. Calculate the highest common factor of a and 24.
24
Suppose p = 17*p - 480. Calculate the highest common factor of p and 150.
30
Suppose -2*v - v + 27 = 2*w, 0 = -5*w - v + 61. What is the greatest common divisor of w and 8?
4
Let b be 213/6 + 3/(-6). Calculate the greatest common factor of b and 315.
35
Let k(x) = -x**2 + 5*x - 4. Let z be k(3). Let g = -26 + 31. Calculate the highest common factor of z and g.
1
Let w(r) = 2*r**2 - 10*r - 16. Let x be w(7). Suppose 0*b = -4*b + p + 100, p = 2*b - 52. What is the greatest common factor of x and b?
12
Let n be 31 + 16/(-12)*-3. What is the highest common factor of 175 and n?
35
Suppose -3*y - 4*h = -181, 2*y - h - 79 = 27. What is the greatest common divisor of y and 22?
11
Suppose 10*g - 525 = 7*g. Calculate the highest common divisor of 25 and g.
25
Let z(k) be the third derivative of -k**4/24 + 4*k**3/3 - 2*k**2. Let c be z(-6). Calculate the greatest common divisor of c and 21.
7
Suppose 3*z - 125 = 5*t, -2*z - 2*t + 115 = t. Calculate the greatest common divisor of z and 20.
10
Suppose 2*s = -0*s + 126. Let g(w) = 5*w**3 + 2*w - 1. Let h be g(1). Suppose -u + h = -1. Calculate the greatest common divisor of u and s.
7
Let o be ((-4)/7)/(9/(-63)). Suppose 3*r + 6 = o*r. What is the highest common divisor of 42 and r?
6
Suppose -15*o + 18*o = 60. Calculate the greatest common factor of 15 and o.
5
Suppose 2*v - 70 = -l - 0*v, 0 = l + 4*v - 78. Suppose 77 = 5*o - 78. Calculate the greatest common factor of l and o.
31
Suppose -4*g + 0 = -8. Suppose 7*h = -4*t + 2*h + 26, 3*h = -g*t + 14. Suppose 41 = 5*x - t. What is the greatest common divisor of x and 9?
9
Let p = -38 + 72. Suppose -2*z + 11 = j - p, 0 = z + 2*j - 30. Let q be -9*(-39)/7 - 6/42. Calculate the greatest common divisor of q and z.
10
Let f = 30 + -24. Let s(r) = -r**3 + 5*r**2 + r + 4. Let a be s(4). Calculate the highest common divisor of a and f.
6
Suppose 2*w - 81 = -u, 128 = 3*w - u - 1. What is the highest common divisor of 6 and w?
6
Let d be (-18)/(-30) + 104/10. Let b = -123 - -244. What is the greatest common factor of d and b?
11
Suppose -3*y + 168 = 3*k, -2*y + 5*k = k - 100. Suppose 12 = r + 4*j, -3*r - 4*j = -j - y. Calculate the highest common divisor of 60 and r.
20
Suppose -l = l + 8. Let x be (l - 5)/((-3)/2). Calculate the highest common divisor of 42 and x.
6
Suppose -3*o - 4*d + 3 = 0, -4*d - 20 - 17 = -5*o. What is the highest common divisor of 80 and o?
5
Let v(q) = q**3 - 8*q**2 - q - 7. Let c be v(6). Let w = c - -184. What is the highest common divisor of w and 9?
9
Let s(q) = 1 + 2*q**2 - q + 2*q**2 + 7*q**3 - 3*q**2. Let d be s(1). Suppose 4*j - d = 2*c, -c - 3*j + j = -16. What is the highest common factor of 12 and c?
6
Let c = -113 - -122. Calculate the greatest common factor of c and 45.
9
Let o(c) = -c**3 - 3*c**2 + 3*c + 4. Let p be o(-4). What is the greatest common divisor of p and 72?
8
Suppose 0 = 5*h - 2*h - 18. Suppose 2*v = h*v - 28. Calculate the greatest common factor of 1 and v.
1
Suppose 4*t - 9 = t. Let l be 0*2/(-4) - -6. Suppose -l*q + 7 - 1 = 0. What is the greatest common factor of t and q?
1
Let b = 11 + -11. Suppose b = 3*n + n - 8. Calculate the greatest common divisor of 4 and n.
2
Suppose 0 = 68*d - 75*d + 2016. Calculate the greatest common divisor of d and 36.
36
Let m be (-1*1)/(-2 + 124/64). What is the highest common divisor of 40 and m?
8
Let r = 0 + 5. Suppose -6*q + r*q = -10. Calculate the highest common divisor of 30 and q.
10
Suppose 0 = 3*b + 5*k - 60, -4*b + 80 = 6*k - 2*k. Let r(l) = -2*l - 7. Let v be r(-6). Calculate the greatest common divisor of v and b.
5
Suppose